 of 12473759?
12473759
What are the prime factors of 1388361?
3, 13, 97, 367
What are the prime factors of 149265?
3, 5, 31, 107
List the prime factors of 6183444.
2, 3, 17, 1783
List the prime factors of 2209135.
5, 441827
What are the prime factors of 968987?
571, 1697
What are the prime factors of 12379731?
3, 7, 13, 137, 331
What are the prime factors of 4660919?
4660919
What are the prime factors of 144713?
47, 3079
What are the prime factors of 23939445?
3, 5, 853, 1871
What are the prime factors of 196094?
2, 98047
List the prime factors of 177352.
2, 7, 3167
What are the prime factors of 12910028?
2, 3227507
What are the prime factors of 179834?
2, 89917
List the prime factors of 6511997.
6511997
List the prime factors of 434076.
2, 3, 61, 593
List the prime factors of 528554.
2, 13, 29, 701
What are the prime factors of 187014?
2, 3, 71, 439
What are the prime factors of 15597153?
3, 11, 13, 12119
What are the prime factors of 2409759?
3, 11, 101, 241
What are the prime factors of 22301075?
5, 53, 16831
List the prime factors of 37060344.
2, 3, 547, 941
List the prime factors of 2340267.
3, 829, 941
List the prime factors of 1599498.
2, 3, 88861
List the prime factors of 567725.
5, 22709
List the prime factors of 9524650.
2, 5, 71, 2683
List the prime factors of 3610653.
3, 73, 16487
List the prime factors of 3306990.
2, 3, 5, 110233
What are the prime factors of 65032?
2, 11, 739
List the prime factors of 3308516.
2, 827129
What are the prime factors of 4291231?
7, 229, 2677
What are the prime factors of 1584505?
5, 13, 19, 1283
What are the prime factors of 136021?
19, 7159
What are the prime factors of 4977528?
2, 3, 157, 1321
What are the prime factors of 265304?
2, 13, 2551
List the prime factors of 1036081.
23, 107, 421
List the prime factors of 10653001.
2819, 3779
List the prime factors of 16603559.
7, 2371937
List the prime factors of 1910870.
2, 5, 13, 14699
List the prime factors of 3545799.
3, 19, 62207
List the prime factors of 8887824.
2, 3, 11, 31, 181
List the prime factors of 248148.
2, 3, 61, 113
What are the prime factors of 1453806?
2, 3, 17, 4751
What are the prime factors of 16286616?
2, 3, 75401
List the prime factors of 161400.
2, 3, 5, 269
List the prime factors of 13677924.
2, 3, 13, 87679
List the prime factors of 8204537.
11, 23, 32429
List the prime factors of 210768.
2, 3, 4391
List the prime factors of 1149751.
421, 2731
What are the prime factors of 694604?
2, 173651
What are the prime factors of 4897294?
2, 2448647
List the prime factors of 7394928.
2, 3, 154061
List the prime factors of 1937248.
2, 60539
What are the prime factors of 194917?
194917
List the prime factors of 1710526.
2, 607, 1409
List the prime factors of 1475041.
61, 24181
List the prime factors of 469995.
3, 5, 31333
List the prime factors of 3959404.
2, 23, 43037
List the prime factors of 3338751.
3, 13, 59, 1451
List the prime factors of 323429.
503, 643
What are the prime factors of 762392?
2, 157, 607
What are the prime factors of 14519973?
3, 13, 2203
What are the prime factors of 1941523?
47, 101, 409
What are the prime factors of 177295?
5, 59, 601
List the prime factors of 14028.
2, 3, 7, 167
List the prime factors of 4348972.
2, 197, 5519
What are the prime factors of 4473466?
2, 2236733
List the prime factors of 100519.
100519
What are the prime factors of 10401473?
1933, 5381
What are the prime factors of 2303912?
2, 13, 22153
What are the prime factors of 2335017?
3, 67, 11617
What are the prime factors of 4118846?
2, 31, 2143
What are the prime factors of 6403380?
2, 3, 5, 19, 41, 137
What are the prime factors of 29123?
29123
What are the prime factors of 304923?
3, 101641
What are the prime factors of 190366?
2, 11, 17, 509
List the prime factors of 3428922.
2, 3, 7, 107, 109
What are the prime factors of 150412?
2, 31, 1213
List the prime factors of 2007330.
2, 3, 5, 13, 5147
What are the prime factors of 222858?
2, 3, 4127
What are the prime factors of 158787?
3, 5881
List the prime factors of 3781.
19, 199
List the prime factors of 3270714.
2, 3, 419, 1301
List the prime factors of 156388.
2, 39097
What are the prime factors of 10733619?
3, 13, 157, 1753
What are the prime factors of 3951059?
7, 564437
List the prime factors of 316173.
3, 11, 13, 67
What are the prime factors of 735577?
811, 907
List the prime factors of 145070.
2, 5, 89, 163
What are the prime factors of 77247?
3, 2861
List the prime factors of 177976.
2, 22247
List the prime factors of 847522.
2, 13, 37, 881
List the prime factors of 3078675.
3, 5, 4561
List the prime factors of 92549.
19, 4871
What are the prime factors of 167490?
2, 3, 5, 1861
List the prime factors of 8984534.
2, 13, 17, 20327
List the prime factors of 1079594.
2, 539797
List the prime factors of 10939265.
5, 223, 9811
What are the prime factors of 27876?
2, 3, 23, 101
List the prime factors of 28497974.
2, 14248987
What are the prime factors of 139340?
2, 5, 6967
List the prime factors of 437642.
2, 127, 1723
List the prime factors of 11284980.
2, 3, 5, 7, 97, 277
What are the prime factors of 4723927?
13, 363379
List the prime factors of 249768.
2, 3, 3469
What are the prime factors of 115646?
2, 53, 1091
What are the prime factors of 2105051?
13, 193, 839
List the prime factors of 571174.
2, 277, 1031
List the prime factors of 150657.
3, 13, 3863
What are the prime factors of 5474?
2, 7, 17, 23
List the prime factors of 2290716.
2, 3, 17, 19, 197
List the prime factors of 16396344.
2, 3, 25303
What are the prime factors of 6982142?
2, 3491071
What are the prime factors of 4460427?
3, 53, 1039
What are the prime factors of 1311845?
5, 262369
List the prime factors of 20559288.
2, 3, 856637
List the prime factors of 1007732.
2, 11, 37, 619
List the prime factors of 1176630.
2, 3, 5, 7, 13, 431
List the prime factors of 1346063.
1346063
List the prime factors of 1433631.
3, 113, 4229
List the prime factors of 17251.
13, 1327
What are the prime factors of 613711?
7, 73, 1201
What are the prime factors of 6922801?
6922801
What are the prime factors of 1785397?
167, 10691
List the prime factors of 1448146.
2, 7, 2111
List the prime factors of 18709678.
2, 13, 31, 139, 167
What are the prime factors of 792930?
2, 3, 5, 26431
What are the prime factors of 188579?
188579
List the prime factors of 30511.
13, 2347
What are the prime factors of 472350?
2, 3, 5, 47, 67
What are the prime factors of 6495201?
3, 109, 2207
List the prime factors of 961420.
2, 5, 53, 907
What are the prime factors of 155291?
155291
What are the prime factors of 663885?
3, 5, 14753
What are the prime factors of 36796561?
157, 223, 1051
List the prime factors of 712570.
2, 5, 71257
What are the prime factors of 4415539?
389, 11351
List the prime factors of 236581.
359, 659
List the prime factors of 26309.
26309
List the prime factors of 1371415.
5, 274283
What are the prime factors of 497352?
2, 3, 17, 23, 53
List the prime factors of 32864941.
89, 369269
What are the prime factors of 424808?
2, 53101
List the prime factors of 22161422.
2, 61, 373, 487
What are the prime factors of 182491?
41, 4451
What are the prime factors of 22423?
17, 1319
List the prime factors of 390493.
390493
What are the prime factors of 1041888?
2, 3, 10853
List the prime factors of 2005213.
7, 286459
List the prime factors of 55507.
47, 1181
What are the prime factors of 245881?
245881
List the prime factors of 5243994.
2, 3, 7, 13873
What are the prime factors of 2234576?
2, 139661
List the prime factors of 7356476.
2, 859, 2141
What are the prime factors of 1150352?
2, 7, 10271
What are the prime factors of 1718543?
977, 1759
What are the prime factors of 36671?
36671
List the prime factors of 19016374.
2, 13, 41, 17839
What are the prime factors of 233651?
11, 1931
List the prime factors of 1699026.
2, 3, 7, 5779
What are the prime factors of 169027?
23, 7349
What are the prime factors of 8077410?
2, 3, 5, 11, 41, 199
List the prime factors of 1132557.
3, 17, 53, 419
What are the prime factors of 116608?
2, 911
What are the prime factors of 32966975?
5, 47, 28057
List the prime factors of 2990523.
3, 996841
What are the prime factors of 21631?
97, 223
List the prime factors of 4107001.
47, 87383
What are the prime factors of